4a - 30e?
1643b
In base 4, what is 1123213 - -101300203?
103030022
In base 10, what is -191 - -4305?
4114
In base 10, what is 18 - -5709334?
5709352
In base 9, what is 171535243 + -5?
171535237
In base 12, what is -29222a9 + -2?
-29222ab
In base 3, what is -11 + -211202022221110?
-211202022221121
In base 16, what is -31 - -26860d?
2685dc
In base 4, what is 333223 - -201233?
1201122
In base 15, what is c - -34b58?
34b65
In base 9, what is -177632023 + -13?
-177632036
In base 2, what is 0 - 1010100011010100001100?
-1010100011010100001100
In base 8, what is 3 - 314561336?
-314561333
In base 6, what is -1555 - -14124?
12125
In base 7, what is 66153444 - 12?
66153432
In base 13, what is a2 + 974?
a46
In base 3, what is 221021 - -1002111021?
1010102112
In base 8, what is -27 - 33016253?
-33016302
In base 11, what is 438835 + 50?
438885
In base 14, what is -1550 - 2979?
-40c9
In base 3, what is 0 - -120102202210110?
120102202210110
In base 5, what is -1202240242 - -4?
-1202240233
In base 5, what is -1104024240 - -1124?
-1104023111
In base 10, what is -41 + -1449662?
-1449703
In base 12, what is -26 - 3a9a7b?
-3a9aa5
In base 9, what is -78215 + -48?
-78264
In base 12, what is -3 - -209b637a?
209b6377
In base 5, what is -430 + -22043044?
-22044024
In base 3, what is -12112112 + -2222021102?
-10011210221
In base 4, what is -10121210 - -3003023?
-1112121
In base 11, what is -12392 + 347?
-12046
In base 9, what is 102 + 348304?
348406
In base 16, what is 98 + -1153c?
-114a4
In base 7, what is 5 - -14443313654?
14443313662
In base 2, what is 101 + -10111001111100111?
-10111001111100010
In base 13, what is a021320 - -a?
a02132a
In base 2, what is 1010111111110101101001110 + -100?
1010111111110101101001010
In base 3, what is -100221022 - -1222201111?
1121210012
In base 14, what is 33b + 816?
b53
In base 14, what is a - 27a086?
-27a07a
In base 10, what is -75 - -158007?
157932
In base 13, what is -10 - -3a304c8?
3a304b8
In base 8, what is -4 + 31331623?
31331617
In base 6, what is 3 + -421342553?
-421342550
In base 4, what is 21120221031 + -11?
21120221020
In base 3, what is -202021000 + -1211200?
-211002200
In base 4, what is 12232103222 + -100?
12232103122
In base 4, what is 102012332010 - -1321?
102012333331
In base 15, what is 6d385b - 4?
6d3857
In base 16, what is 2 - -db420d?
db420f
In base 4, what is 32032001232 - -13?
32032001311
In base 7, what is 23 - 14610513?
-14610460
In base 11, what is -126334605 + -2?
-126334607
In base 3, what is -11012 + 12212101000221?
12212100212202
In base 15, what is -15079a2 - 0?
-15079a2
In base 4, what is 200200322 + -1200?
200133122
In base 8, what is -1400131 - 5?
-1400136
In base 2, what is 1000000000100111111111 - 0?
1000000000100111111111
In base 4, what is 3103 - -31202110211?
31202113320
In base 9, what is 21010 + 2035?
23045
In base 5, what is -300222431 + -3134?
-300231120
In base 5, what is -1120 + 1103300?
1102130
In base 9, what is -642 - -205662?
205020
In base 12, what is 3218337 + -12?
3218325
In base 4, what is -10 + 2212333031100?
2212333031030
In base 6, what is 135 + -133504050?
-133503511
In base 2, what is 101 - 100011111110100010101?
-100011111110100010000
In base 3, what is 212 - 1022110111001211?
-1022110111000222
In base 14, what is 7db - -2a63?
3460
In base 12, what is -785a3 + -3253?
-7b836
In base 10, what is 775756 + -17?
775739
In base 8, what is -3256 - 125?
-3403
In base 14, what is 4 + -915d819?
-915d815
In base 2, what is 11111100011100110011 - 11?
11111100011100110000
In base 6, what is -21 + -1203510010?
-1203510031
In base 7, what is -1130646422 - -1?
-1130646421
In base 3, what is 11221201100111122 - -21?
11221201100111220
In base 13, what is 227a861 - -4?
227a865
In base 13, what is 3a - -2bcb7?
2c024
In base 13, what is 3ac5738 + -5?
3ac5733
In base 2, what is -1110 + 1000011011110100010001111?
1000011011110100010000001
In base 14, what is 1 - -194b0d5?
194b0d6
In base 11, what is -60 + -492276a?
-492281a
In base 14, what is 57 - -83a9c?
83b15
In base 4, what is -10100232 - -2320022?
-1120210
In base 15, what is -ab + -c67b?
-c737
In base 15, what is 0 + 21a5e82?
21a5e82
In base 5, what is 420203 + -42?
420111
In base 4, what is 2122232201 - -113131?
2123011332
In base 9, what is -806358 + 4?
-806354
In base 7, what is 621346100 + 3?
621346103
In base 13, what is 503 + -141cc?
-139c9
In base 10, what is -5 - 94935321?
-94935326
In base 15, what is 2874c + -28?
28724
In base 13, what is 13 + -24ac6?
-24ab3
In base 12, what is 1594197 + -4?
1594193
In base 16, what is 22f7ea - 49?
22f7a1
In base 2, what is -10101 - 1001111111001000111101?
-1001111111001001010010
In base 2, what is 1000 - 10100100011010001000011?
-10100100011010000111011
In base 5, what is -122 - 1411424304?
-1411424431
In base 6, what is 2131543 + -353?
2131150
In base 6, what is -12125 + -3253?
-15422
In base 10, what is -6645582 + -5?
-6645587
In base 4, what is -33112331133 + 100?
-33112331033
In base 4, what is 2213 + -22322122301?
-22322120022
In base 13, what is -34 + a977a9?
a97775
In base 14, what is 2 + -29a20?
-29a1c
In base 14, what is 19b2c + -337?
197d5
In base 4, what is -123020011033 + -2?
-123020011101
In base 2, what is -11101011010101101000110 - 1?
-11101011010101101000111
In base 2, what is 101 + 111101111010100110011001?
111101111010100110011110
In base 2, what is 1111100011110110100 + -100?
1111100011110110000
In base 10, what is -5 - -11372423?
11372418
In base 3, what is -201211002022210211 + -10?
-201211002022210221
In base 9, what is -61230 - 100?
-61330
In base 4, what is -12 + 1011323230320?
1011323230302
In base 10, what is 43863 - -69?
43932
In base 15, what is 6813b9 + 11?
6813ca
In base 12, what is -137b - 55b?
-191a
In base 11, what is 149888 + -48?
149840
In base 6, what is -3121024330 + -2?
-3121024332
In base 15, what is -87 - 163ea?
-16482
In base 14, what is 1748a - -d11?
1839b
In base 11, what is -5 - 2048a9?
-204903
In base 4, what is -331023003 - -2111?
-331020232
In base 3, what is -12 + 111022012000?
111022011211
In base 15, what is -1469b2 + -175?
-146b37
In base 3, what is -2012111201 + -10200?
-2012122101
In base 14, what is 194 + 9614?
97a8
In base 11, what is -42a3 + -243?
-4536
In base 13, what is -24ac9545 - 0?
-24ac9545
In base 11, what is 28505 - -266a?
30074
In base 14, what is d08 - -1cc02?
1db0a
In base 12, what is -4364ab2 + b?
-4364aa3
In base 6, what is -1 + -240204233?
-240204234
In base 15, what is ea0950a + 4?
ea0950e
In base 9, what is 333 - 11511?
-11167
In base 4, what is -2212003113 - 0?
-2212003113
In base 16, what is e + 131a560?
131a56e
In base 11, what is 12 + -2976610?
-29765a9
In base 16, what is 688c19b + 7?
688c1a2
In base 13, what is -6068 + -2c3?
-635b
In base 5, what is 314 - 122032411?
-122032042
In base 11, what is 6843 - -4570a?
51452
In base 4, what is 0 + 3312023023?
3312023023
In base 4, what is 230133 - 101031103?
-100200310
In base 6, what is 3445011 - -32?
3445043
In base 9, what is -6173 - 13632?
-20815
In base 11, what is 195967 - -112?
195a79
In base 7, what is -14 + 364110622?
364110605
In base 7, what is 162645 - -5423?
201401
In base 4, what is -2 - -313102001120?
313102001112
In base 2, what is 100010 + -100101111101011111001?
-100101111101011010111
In base 9, what is 186578 - -77?
186666
In base 12, what is -6b90 - 49334?
-54304
In base 2, what is -101 + -101100011010110011?
-101100011010111000
In base 11, what is -250789762 + -5?
-250789767
In base 16, what is 4f + -bdcb93?
-bdcb44
In base 12, what is -1 - -3ab41?
3ab40
In base 2, what is -1001111010010 - -101111001110100?
100101010100010
In base 7, what is 11465535 - -150?
11466015
In base 13, what is 23862c7 - 4?
23862c3
In base 16, what is -1c49ba + -5?
-1c49bf
In base 3, what is 1001221121120121 - -10?
1001221121120201
In base 10, what is -4 + -23462932?
-23462936
In base 7, what is -463 + 204216?
203423
In base 4, what is -13033333023 + 1?
-13033333022
In base 13, what is bcb + 9161?
a05c
In base 3, what is 12102222010 - 111201?
12102110102
In base 16, what is 60e233 - -1?
60e234
In base 10, what is -6136104 - 21?
-6136125
In base 8, what is 60 - 247260?
-247200
In base 6, what is 54311134 - 0?
54311134
In base 11, what is 20819a - -546?
208735
In base 6, what is